{"id":25,"date":"2019-01-27T18:05:01","date_gmt":"2019-01-27T18:05:01","guid":{"rendered":"https:\/\/austrasistaba.lv\/austrasberni\/koncerti\/"},"modified":"2019-04-05T10:31:39","modified_gmt":"2019-04-05T10:31:39","slug":"koncerti","status":"publish","type":"page","link":"https:\/\/austrasistaba.lv\/austrasberni\/koncerti\/","title":{"rendered":"Koncerti"},"content":{"rendered":"<p>Austrasb\u0113rni turpina Austras Pumpures iedibin\u0101to trad\u012bciju, veidojot gan kopkoncertus, gan individu\u0101lus autorkoncertus. Austrasb\u0113rnu koncertu pamatrepertu\u0101ru veido Imanta Kalni\u0146a kompoz\u012bcijas, Austrasb\u0113rnu pa\u0161u sarakst\u012bt\u0101s dziesmas, k\u0101 ar\u012b latvie\u0161u tautasdziesmas.<\/p>\n<p>Austrasb\u0113rni uzst\u0101jas da\u017eneda\u017e\u0101dos koncertos \u2013 k\u0101 uz liel\u0101s skatuves pils\u0113tu sv\u0113tkos un festiv\u0101los, t\u0101 ar\u012b da\u017e\u0101d\u0101s kult\u016brtelp\u0101s, bibliot\u0113k\u0101s, muzejos, restor\u0101nos un citviet, ar\u012b priv\u0101tos pas\u0101kumos, jubilej\u0101s un citos savies\u012bgos notikumos. Austrasb\u0113rnu skaits koncertos vari\u0113jas no viena l\u012bdz 30 cilv\u0113kiem, tas ir, koncertu var sniegt gan viens Austrasb\u0113rns, gan 5, gan 20 vai 30 dziesminieki reiz\u0113. Viss ir iesp\u0113jams, dom\u0101jams un run\u0101jams. Tikl\u012bdz zin\u0101ms k\u0101ds konkr\u0113ts koncerta l\u016bgums, t\u0101 m\u0113s apzin\u0101m savas iesp\u0113jas un ar prieku dodamies koncert\u0113t un sadzied\u0101t uz da\u017e\u0101d\u0101m viet\u0101m Latvij\u0101 un ar\u012b \u0101rpus t\u0101s.<\/p>\n<p><strong>Gaid\u012bsim J\u016bs m\u016bsu koncertos un priec\u0101simies par aicin\u0101jumiem koncert\u0113t!<\/strong><\/p>\n","protected":false},"excerpt":{"rendered":"<p>Austrasb\u0113rni turpina Austras Pumpures iedibin\u0101to trad\u012bciju, veidojot gan kopkoncertus, gan individu\u0101lus autorkoncertus. Austrasb\u0113rnu koncertu pamatrepertu\u0101ru veido Imanta Kalni\u0146a kompoz\u012bcijas, Austrasb\u0113rnu pa\u0161u sarakst\u012bt\u0101s dziesmas, k\u0101 ar\u012b latvie\u0161u tautasdziesmas. Austrasb\u0113rni uzst\u0101jas da\u017eneda\u017e\u0101dos koncertos \u2013 k\u0101 uz liel\u0101s skatuves pils\u0113tu sv\u0113tkos un festiv\u0101los, t\u0101 ar\u012b da\u017e\u0101d\u0101s kult\u016brtelp\u0101s, bibliot\u0113k\u0101s, muzejos, restor\u0101nos un citviet, ar\u012b priv\u0101tos pas\u0101kumos, jubilej\u0101s un citos [&hellip;]<\/p>\n","protected":false},"author":2,"featured_media":0,"parent":0,"menu_order":0,"comment_status":"closed","ping_status":"closed","template":"_template_koncerti.php","meta":{"inline_featured_image":false,"footnotes":""},"class_list":["post-25","page","type-page","status-publish","hentry"],"acf":[],"aioseo_notices":[],"_links":{"self":[{"href":"https:\/\/austrasistaba.lv\/austrasberni\/wp-json\/wp\/v2\/pages\/25","targetHints":{"allow":["GET"]}}],"collection":[{"href":"https:\/\/austrasistaba.lv\/austrasberni\/wp-json\/wp\/v2\/pages"}],"about":[{"href":"https:\/\/austrasistaba.lv\/austrasberni\/wp-json\/wp\/v2\/types\/page"}],"author":[{"embeddable":true,"href":"https:\/\/austrasistaba.lv\/austrasberni\/wp-json\/wp\/v2\/users\/2"}],"replies":[{"embeddable":true,"href":"https:\/\/austrasistaba.lv\/austrasberni\/wp-json\/wp\/v2\/comments?post=25"}],"version-history":[{"count":3,"href":"https:\/\/austrasistaba.lv\/austrasberni\/wp-json\/wp\/v2\/pages\/25\/revisions"}],"predecessor-version":[{"id":79,"href":"https:\/\/austrasistaba.lv\/austrasberni\/wp-json\/wp\/v2\/pages\/25\/revisions\/79"}],"wp:attachment":[{"href":"https:\/\/austrasistaba.lv\/austrasberni\/wp-json\/wp\/v2\/media?parent=25"}],"curies":[{"name":"wp","href":"https:\/\/api.w.org\/{rel}","templated":true}]}}