{"id":28,"date":"2019-01-27T18:03:51","date_gmt":"2019-01-27T18:03:51","guid":{"rendered":"https:\/\/austrasistaba.lv\/austras-istaba\/paldies\/"},"modified":"2023-01-15T09:21:46","modified_gmt":"2023-01-15T09:21:46","slug":"paldies","status":"publish","type":"page","link":"https:\/\/austrasistaba.lv\/austras-istaba\/paldies\/","title":{"rendered":"Paldies"},"content":{"rendered":"<p>Lai rado\u0161\u0101 telpa \u201cAustras istaba\u201d b\u016btu tie\u0161i t\u0101da un tie\u0161i tik skan\u012bgi piepild\u012bta, <strong>PALDIES<\/strong> sak\u0101ms daudziem.<\/p>\n<p>Pirmk\u0101rt, paldies <strong>m\u0101kslas galerijas \u201cRomas d\u0101rzs\u201d<\/strong> \u012bpa\u0161niekam <strong>Ivaram Kesenfeldam<\/strong> par savu telpu m\u012b\u013cu atv\u0113l\u0113\u0161anu m\u016bsu aktivit\u0101t\u0113m. Bez telpas mums b\u016btu dziesma bez m\u0101jvietas. Paldies m\u016bsu m\u0101j\u0101m galerijai \u201cRomas d\u0101rzs\u201d (<a href=\"https:\/\/www.galerijaromasdarzs.lv\" target=\"_blank\" rel=\"noopener noreferrer\">www.galerijaromasdarzs.lv<\/a>)<\/p>\n<p>Paldies\u00a0visiem br\u012bvpr\u0101t\u012bg\u0101 darba veic\u0113jiem, <strong>Austrasb\u0113rniem<\/strong>, tostarp Signei Sniedzei, Inesei Mui\u017eniecei, Simonai Ra\u010dai, J\u0101nim R\u016bcim, Janai Eglei, Laurai un Dzintaram V\u012btoliem, Sanitai Stepenai, Dacei Gulbei un citiem. Pateicoties \u0161iem cilv\u0113kiem, tas viss ir dz\u012bvs.<\/p>\n<p>Paldies par finansi\u0101lu atbalstu visiem <strong>ziedot\u0101jiem<\/strong>, kuri gan pas\u0101kumu laik\u0101 atv\u0113l k\u0101du naudi\u0146u ziedojumu kastei, gan tiem, kuri ziedo ar p\u0101rskait\u012bjumu. Pateicoties \u0161\u012bm naudi\u0146\u0101m, m\u0113s varam veikt, piem\u0113ram, Austras skapja restaur\u0101ciju, izgatavot gr\u0101matu plauktu un citos veidos noform\u0113t un iek\u0101rtot \u201cAustras istabu\u201d, veicot Austras Pumpures kult\u016brv\u0113sturisk\u0101 mantojuma apzin\u0101\u0161anu, k\u0101 ar\u012b segt da\u017e\u0101dus sadz\u012bves izdevumus, veidojot pas\u0101kumus.<\/p>\n<p>Dziesminieku koncerti un festiv\u0101li, &#8220;Austras biedr\u012bbas&#8221; izdev\u0113jdarb\u012bba un ar\u012b \u0161\u012b m\u0101jaslapa ir iesp\u0113jama, pateicoties atbalst\u012bt\u0101jiem. Paldies tiem cilv\u0113kiem, kuri l\u0113ma pie\u0161\u0137irt naudi\u0146u m\u016bsu projektiem \u2013 paldies <strong>Latvijas republikas Kult\u016bras Ministrijai, Latvijas Nacion\u0101lajam kult\u016bras centram, Valsts Kult\u016brkapit\u0101la fondam, Kurzemes pl\u0101no\u0161anas re\u0123ionam un Liep\u0101jas Kult\u016bras p\u0101rvaldei.<\/strong> Tikai pateicoties \u0161iem projektu konkursiem, m\u0113s varam \u012bstenot dziesminieku koncertus un festiv\u0101lus, izdot gr\u0101matas un m\u016bzikas albumus, k\u0101 ar\u012b nodro\u0161in\u0101t kvalitat\u012bvu \u0161\u012bs m\u0101jaslapas uztur\u0113\u0161anu.<\/p>\n<p>Paldies sak\u0101m ar\u012b m\u016bsu m\u0101jas lapas veidot\u0101jiem un ar\u012b atbalst\u012bt\u0101jiem \u2013 <strong>SIA \u201cPremium Solutions\u201d<\/strong> programm\u0113t\u0101jiem un dizaineram! Rado\u0161iem cilv\u0113kiem bez tehnisk\u0101s pasaules lietprat\u0113jiem b\u016btu pagalam gr\u016bti \u2013 paldies par l\u012bdzsvara ievie\u0161anu, paciet\u012bbu un veiksm\u012bgu sadarb\u012bbu.<\/p>\n        <div class=\"logos\">\r\n                        <div class=\"logo\">\r\n                <a href=\"https:\/\/www.galerijaromasdarzs.lv\" target=\"_blank\">\r\n                    <img decoding=\"async\" src=\"https:\/\/austrasistaba.lv\/austras-istaba\/wp-content\/uploads\/sites\/3\/2019\/11\/LOGO2_black.jpg\">\r\n                <\/a>\r\n            <\/div>\r\n                        <div class=\"logo\">\r\n                <a href=\"http:\/\/www.austrasbiedriba.lv\/\" target=\"_blank\">\r\n                    <img decoding=\"async\" src=\"https:\/\/austrasistaba.lv\/austras-istaba\/wp-content\/uploads\/sites\/3\/2019\/03\/Austras-biedr\u012bba.jpg\">\r\n                <\/a>\r\n            <\/div>\r\n                        <div class=\"logo\">\r\n                <a href=\"https:\/\/www.km.gov.lv\/lv\" target=\"_blank\">\r\n                    <img decoding=\"async\" src=\"https:\/\/austrasistaba.lv\/austras-istaba\/wp-content\/uploads\/sites\/3\/2023\/01\/pilnkrasu_rgb1.png\">\r\n                <\/a>\r\n            <\/div>\r\n                        <div class=\"logo\">\r\n                <a href=\"https:\/\/www.lnkc.gov.lv\" target=\"_blank\">\r\n                    <img decoding=\"async\" src=\"https:\/\/austrasistaba.lv\/austras-istaba\/wp-content\/uploads\/sites\/3\/2019\/03\/Latvijas-Nacion\u0101lais-kult\u016bras-centrs.jpg\">\r\n                <\/a>\r\n            <\/div>\r\n                        <div class=\"logo\">\r\n                <a href=\"https:\/\/www.vkkf.lv\" target=\"_blank\">\r\n                    <img decoding=\"async\" src=\"https:\/\/austrasistaba.lv\/austras-istaba\/wp-content\/uploads\/sites\/3\/2019\/03\/Valsts-Kult\u016brkapit\u0101la-fonds.jpg\">\r\n                <\/a>\r\n            <\/div>\r\n                        <div class=\"logo\">\r\n                <a href=\"https:\/\/www.kurzemesregions.lv\" target=\"_blank\">\r\n                    <img decoding=\"async\" src=\"https:\/\/austrasistaba.lv\/austras-istaba\/wp-content\/uploads\/sites\/3\/2019\/03\/Kurzemes_pl\u0101no\u0161anas_re\u0123ions.jpg\">\r\n                <\/a>\r\n            <\/div>\r\n                        <div class=\"logo\">\r\n                <a href=\"https:\/\/www.liepaja.lv\" target=\"_blank\">\r\n                    <img decoding=\"async\" src=\"https:\/\/austrasistaba.lv\/austras-istaba\/wp-content\/uploads\/sites\/3\/2019\/03\/Liepa\u0304ja_logo.jpg\">\r\n                <\/a>\r\n            <\/div>\r\n                        <div class=\"logo\">\r\n                <a href=\"https:\/\/ps.lv\" target=\"_blank\">\r\n                    <img decoding=\"async\" src=\"https:\/\/austrasistaba.lv\/austras-istaba\/wp-content\/uploads\/sites\/3\/2019\/03\/ps-logo.svg\">\r\n                <\/a>\r\n            <\/div>\r\n                    <\/div>\r\n    \n","protected":false},"excerpt":{"rendered":"<p>Lai rado\u0161\u0101 telpa \u201cAustras istaba\u201d b\u016btu tie\u0161i t\u0101da un tie\u0161i tik skan\u012bgi piepild\u012bta, PALDIES sak\u0101ms daudziem. Pirmk\u0101rt, paldies m\u0101kslas galerijas \u201cRomas d\u0101rzs\u201d \u012bpa\u0161niekam Ivaram Kesenfeldam par savu telpu m\u012b\u013cu atv\u0113l\u0113\u0161anu m\u016bsu aktivit\u0101t\u0113m. Bez telpas mums b\u016btu dziesma bez m\u0101jvietas. Paldies m\u016bsu m\u0101j\u0101m galerijai \u201cRomas d\u0101rzs\u201d (www.galerijaromasdarzs.lv) Paldies\u00a0visiem br\u012bvpr\u0101t\u012bg\u0101 darba veic\u0113jiem, Austrasb\u0113rniem, tostarp Signei Sniedzei, Inesei [&hellip;]<\/p>\n","protected":false},"author":2,"featured_media":0,"parent":0,"menu_order":0,"comment_status":"closed","ping_status":"closed","template":"","meta":{"inline_featured_image":false,"footnotes":""},"class_list":["post-28","page","type-page","status-publish","hentry"],"acf":[],"aioseo_notices":[],"_links":{"self":[{"href":"https:\/\/austrasistaba.lv\/austras-istaba\/wp-json\/wp\/v2\/pages\/28","targetHints":{"allow":["GET"]}}],"collection":[{"href":"https:\/\/austrasistaba.lv\/austras-istaba\/wp-json\/wp\/v2\/pages"}],"about":[{"href":"https:\/\/austrasistaba.lv\/austras-istaba\/wp-json\/wp\/v2\/types\/page"}],"author":[{"embeddable":true,"href":"https:\/\/austrasistaba.lv\/austras-istaba\/wp-json\/wp\/v2\/users\/2"}],"replies":[{"embeddable":true,"href":"https:\/\/austrasistaba.lv\/austras-istaba\/wp-json\/wp\/v2\/comments?post=28"}],"version-history":[{"count":13,"href":"https:\/\/austrasistaba.lv\/austras-istaba\/wp-json\/wp\/v2\/pages\/28\/revisions"}],"predecessor-version":[{"id":346,"href":"https:\/\/austrasistaba.lv\/austras-istaba\/wp-json\/wp\/v2\/pages\/28\/revisions\/346"}],"wp:attachment":[{"href":"https:\/\/austrasistaba.lv\/austras-istaba\/wp-json\/wp\/v2\/media?parent=28"}],"curies":[{"name":"wp","href":"https:\/\/api.w.org\/{rel}","templated":true}]}}